{"id":222,"date":"2020-09-07T15:31:53","date_gmt":"2020-09-07T13:31:53","guid":{"rendered":"http:\/\/hdj-stellingen.de\/?page_id=222"},"modified":"2026-01-12T15:27:30","modified_gmt":"2026-01-12T14:27:30","slug":"ueber-uns","status":"publish","type":"page","link":"https:\/\/hdj-stellingen.de\/?page_id=222","title":{"rendered":"\u00dcber Uns"},"content":{"rendered":"\n<p><strong>Das Haus der Jugend Stellingen<br>ist eine Einrichtung der offenen Kinder- und Jugendarbeit<br>des Jugendamtes Eimsb\u00fcttel der Freien und Hansestadt Hamburg<\/strong><\/p>\n\n\n\n<div class=\"wp-block-columns alignwide is-layout-flex wp-container-core-columns-is-layout-9d6595d7 wp-block-columns-is-layout-flex\">\n<div class=\"wp-block-column is-layout-flow wp-block-column-is-layout-flow\" style=\"flex-basis:100%\">\n<p>Das Haus ist eines von drei H\u00e4usern der Jugend im Bezirk Eimsb\u00fcttel und wurde im Februar 1978 er\u00f6ffnet.<br>Das Team besteht z. Zt. aus drei P\u00e4dagogen*innen und Honorarkr\u00e4ften.<br>Unsere p\u00e4dagogischen Angebote richten sich an Kinder, Jugendliche und Jungerwachsene im Alter von 10 \u2013 25 Jahren und umfassen folgende Bereiche:<\/p>\n<\/div>\n<\/div>\n\n\n\n<ul class=\"wp-block-list\">\n<li>Offener Bereich mit Jugendcaf\u00e9, Kaminecke, Billard, Kicker und anderen offenen Sport- und Spielangeboten<\/li>\n\n\n\n<li>Interessengruppen und Workshops<\/li>\n\n\n\n<li>Jugendberatung<\/li>\n\n\n\n<li>Geschlechtsspezifische Arbeit<\/li>\n\n\n\n<li>Ferienprogramm, Ausfl\u00fcge und Fahrten<\/li>\n\n\n\n<li>Veranstaltungen<\/li>\n<\/ul>\n\n\n\n<p>Die schulbezogene Jugendarbeit ist ein weiterer konzeptioneller Schwerpunkt unserer p\u00e4dagogischen Arbeit. Mit dem Oberstufen Caf\u00e9 &#8222;Exil&#8220; hat das Haus einen zweiten Standort an der Stadtteilschule.<\/p>\n\n\n\n<p>Hausaufgabenhilfe, Klassenfeste, gemeinsame Veranstaltungen und regelm\u00e4\u00dfige Treffen spiegeln den kooperativen Ansatz mit der Schule wieder.<\/p>\n\n\n\n<p><\/p>\n","protected":false},"excerpt":{"rendered":"<p>Das Haus der Jugend Stellingenist eine Einrichtung der offenen Kinder- und Jugendarbeitdes Jugendamtes Eimsb\u00fcttel der Freien und Hansestadt Hamburg Das Haus ist eines von drei H\u00e4usern der Jugend im Bezirk Eimsb\u00fcttel und wurde im Februar 1978 er\u00f6ffnet.Das Team besteht z. Zt. aus drei P\u00e4dagogen*innen und Honorarkr\u00e4ften.Unsere p\u00e4dagogischen Angebote richten sich an Kinder, Jugendliche und Jungerwachsene&hellip;&nbsp;<a href=\"https:\/\/hdj-stellingen.de\/?page_id=222\" rel=\"bookmark\">Weiterlesen &raquo;<span class=\"screen-reader-text\">\u00dcber Uns<\/span><\/a><\/p>\n","protected":false},"author":1,"featured_media":0,"parent":0,"menu_order":0,"comment_status":"closed","ping_status":"closed","template":"","meta":{"neve_meta_sidebar":"full-width","neve_meta_container":"","neve_meta_enable_content_width":"on","neve_meta_content_width":100,"neve_meta_title_alignment":"","neve_meta_author_avatar":"","neve_post_elements_order":"","neve_meta_disable_header":"","neve_meta_disable_footer":"","neve_meta_disable_title":"","_themeisle_gutenberg_block_has_review":false,"footnotes":""},"class_list":["post-222","page","type-page","status-publish","hentry"],"_links":{"self":[{"href":"https:\/\/hdj-stellingen.de\/index.php?rest_route=\/wp\/v2\/pages\/222","targetHints":{"allow":["GET"]}}],"collection":[{"href":"https:\/\/hdj-stellingen.de\/index.php?rest_route=\/wp\/v2\/pages"}],"about":[{"href":"https:\/\/hdj-stellingen.de\/index.php?rest_route=\/wp\/v2\/types\/page"}],"author":[{"embeddable":true,"href":"https:\/\/hdj-stellingen.de\/index.php?rest_route=\/wp\/v2\/users\/1"}],"replies":[{"embeddable":true,"href":"https:\/\/hdj-stellingen.de\/index.php?rest_route=%2Fwp%2Fv2%2Fcomments&post=222"}],"version-history":[{"count":10,"href":"https:\/\/hdj-stellingen.de\/index.php?rest_route=\/wp\/v2\/pages\/222\/revisions"}],"predecessor-version":[{"id":334,"href":"https:\/\/hdj-stellingen.de\/index.php?rest_route=\/wp\/v2\/pages\/222\/revisions\/334"}],"wp:attachment":[{"href":"https:\/\/hdj-stellingen.de\/index.php?rest_route=%2Fwp%2Fv2%2Fmedia&parent=222"}],"curies":[{"name":"wp","href":"https:\/\/api.w.org\/{rel}","templated":true}]}}